{"id":37,"date":"2023-03-17T16:45:43","date_gmt":"2023-03-17T15:45:43","guid":{"rendered":"https:\/\/ema-salon.com\/?page_id=37"},"modified":"2023-03-24T22:05:47","modified_gmt":"2023-03-24T21:05:47","slug":"localisation","status":"publish","type":"page","link":"https:\/\/ema-salon.com\/index.php\/localisation\/","title":{"rendered":"localisation"},"content":{"rendered":"\n<div class=\"wp-block-columns is-layout-flex wp-container-core-columns-is-layout-28f84493 wp-block-columns-is-layout-flex\">\n<div class=\"wp-block-column is-layout-flow wp-block-column-is-layout-flow\">\n<div style=\"width: 100%\"><iframe loading=\"lazy\" scrolling=\"no\" marginheight=\"0\" marginwidth=\"0\" src=\"https:\/\/www.google.com\/maps\/embed?pb=!1m18!1m12!1m3!1d2549.0735666622095!2d2.773683515265292!3d50.29055460675501!2m3!1f0!2f0!3f0!3m2!1i1024!2i768!4f13.1!3m3!1m2!1s0x47dd4875ed213aa1%3A0x2db0e6b62bb105e2!2s28+Rue+D%C3%A9sir%C3%A9+Delansorne%2C+62000+Arras!5e0!3m2!1sfr!2sfr!4v1466349643907\" width=\"100%\" height=\"400\" frameborder=\"0\"><\/iframe><\/div>\n<\/div>\n\n\n\n<div class=\"wp-block-column is-layout-flow wp-block-column-is-layout-flow\">\n<h4 class=\"has-text-align-center wp-block-heading\"><img decoding=\"async\" class=\"wp-image-86\" style=\"width: 25px;\" src=\"https:\/\/ema-salon.com\/wp-content\/themes\/hestia\/assets\/img\/contact1.png\" alt=\"Map icon\"> <strong>A<\/strong>dresse<\/h4>\n\n\n\n<p class=\"has-text-align-center\">28 rue D\u00e9sir\u00e9 Delansorne<br>62000 ARRAS<br>FRANCE<\/p>\n\n\n\n<h4 class=\"has-text-align-center wp-block-heading\"><img decoding=\"async\" class=\"wp-image-98\" style=\"width: 25px;\" src=\"https:\/\/ema-salon.com\/wp-content\/themes\/hestia\/assets\/img\/contact2.png\" alt=\"\"> <strong>T\u00e9l\u00e9phone<\/strong><\/h4>\n\n\n\n<p class=\"has-text-align-center\">03.21.16.78.45<\/p>\n<\/div>\n<\/div>\n\n\n","protected":false},"excerpt":{"rendered":"<p>Adresse 28 rue D\u00e9sir\u00e9 Delansorne62000 ARRASFRANCE T\u00e9l\u00e9phone 03.21.16.78.45<\/p>\n","protected":false},"author":1,"featured_media":0,"parent":0,"menu_order":0,"comment_status":"closed","ping_status":"closed","template":"","meta":{"footnotes":""},"class_list":["post-37","page","type-page","status-publish","hentry"],"_links":{"self":[{"href":"https:\/\/ema-salon.com\/index.php\/wp-json\/wp\/v2\/pages\/37","targetHints":{"allow":["GET"]}}],"collection":[{"href":"https:\/\/ema-salon.com\/index.php\/wp-json\/wp\/v2\/pages"}],"about":[{"href":"https:\/\/ema-salon.com\/index.php\/wp-json\/wp\/v2\/types\/page"}],"author":[{"embeddable":true,"href":"https:\/\/ema-salon.com\/index.php\/wp-json\/wp\/v2\/users\/1"}],"replies":[{"embeddable":true,"href":"https:\/\/ema-salon.com\/index.php\/wp-json\/wp\/v2\/comments?post=37"}],"version-history":[{"count":5,"href":"https:\/\/ema-salon.com\/index.php\/wp-json\/wp\/v2\/pages\/37\/revisions"}],"predecessor-version":[{"id":113,"href":"https:\/\/ema-salon.com\/index.php\/wp-json\/wp\/v2\/pages\/37\/revisions\/113"}],"wp:attachment":[{"href":"https:\/\/ema-salon.com\/index.php\/wp-json\/wp\/v2\/media?parent=37"}],"curies":[{"name":"wp","href":"https:\/\/api.w.org\/{rel}","templated":true}]}}